common divisor of f and 555.
15
Let d(x) = x + 1. Let i(q) = -4*q - 60. Let c(k) = -8*d(k) - i(k). Let j be -8 + 12 + 2*(-2)/(-2). Let n be c(j). What is the highest common factor of 8 and n?
4
Suppose 254*z = 253*z + 3*u + 7543, 0 = z - 5*u - 7537. Calculate the highest common divisor of z and 295.
59
Suppose 220 = 18*p + 4. Let j(g) = -3*g - 3. Let i be j(3). Let h = i + 24. Calculate the greatest common divisor of p and h.
12
Suppose 5*x + 2*k - 5 = 4*x, 4*x = -4*k + 24. Let l(a) = -a**3 - 6*a**2 + 79*a - 107. Let y be l(-13). Calculate the highest common factor of y and x.
7
Let g = -241 + -362. Let n = -383 - g. Calculate the greatest common factor of 5 and n.
5
Let l(v) be the second derivative of 0 + 7/6*v**3 + 5/6*v**4 + 19/2*v**2 + 28*v. Let o be l(-5). Calculate the greatest common divisor of o and 26.
26
Let t(u) = 9*u + u**2 + 1 + 5*u + 18 - 17*u**2 + u**3. Let k be t(15). Let m be ((-6)/k)/(3/(-48)). What is the highest common divisor of m and 16?
8
Suppose 256 = 15*x + 1. Let j(o) = o**3 - 15*o**2 + 19*o + 4. Let r be j(15). Calculate the highest common factor of x and r.
17
Let p be (-7)/14 - (51/6)/1. Let a be -3 - ((-6)/p + 655/(-15)). What is the greatest common factor of a and 40?
40
Let n = 24 - 50. Let a be (n + 24)*(0 + -1). Suppose 0 = -3*y - 4*o + 277 + 248, 0 = a*o. Calculate the greatest common factor of 70 and y.
35
Let t = -17106 + 17120. What is the highest common divisor of t and 3514?
14
Suppose -517 + 101 = 4*y. Let z = y + 170. Suppose z = 4*j - 3*m, 0 = 2*j - 2*m + 6*m - 44. What is the greatest common factor of 162 and j?
18
Let o be 6154/85 + 6/(-15). Calculate the highest common factor of o and 804.
12
Let o be 248/(-93) - (-1816)/6. What is the highest common factor of o and 960?
60
Suppose -2717 = -5*g - 2702. Let p be 1 - (-4 + -2 + 5). Calculate the highest common factor of g and p.
1
Suppose 2*o + 3*x = 203, 490 = 5*o + 24*x - 19*x. Let d be 28 + (3/3 - 3). Calculate the highest common factor of o and d.
13
Let w = -350 - -573. Let t = w + -195. Calculate the highest common divisor of 56 and t.
28
Suppose -813*s = -767*s - 123004. What is the highest common factor of s and 21?
7
Suppose 5*k - 4*m + 444 - 1142 = 0, 3*k + 4*m = 406. Let g = -2128 + 2140. What is the highest common factor of g and k?
6
Suppose 211*z - 205*z - 1260 = 0. Suppose -8*t + 15*t - z = 0. What is the greatest common factor of t and 60?
30
Suppose 449*s = i + 450*s - 50, s - 2 = 0. What is the highest common divisor of 1960 and i?
8
Suppose -25942 + 28956 = -20*g + 101714. Calculate the greatest common divisor of g and 105.
105
Suppose 5*b + 2*b - 469 = 0. Suppose 2*p = p + 3*z + b, z + 241 = 3*p. Let i = p - 70. What is the highest common divisor of 108 and i?
12
Let v = -309 - -313. Suppose -5*p - 9 = 2*h - v, -3*p = 3*h + 12. What is the highest common divisor of 5 and p?
1
Let h be (-5*16/32)/((-5)/4). Suppose 29*p - 34*p = 5*n - 175, 4*p - 60 = -h*n. Let b = 16 + -11. What is the greatest common divisor of b and n?
5
Let w = -2335 - -2405. What is the greatest common divisor of 266 and w?
14
Let k = 4068 + -4018. Suppose 0*c = 4*c - 40. Calculate the highest common factor of k and c.
10
Let t(m) be the third derivative of 7*m**4/6 - 28*m**3/3 - m**2 + 23*m. Let b be t(16). What is the greatest common divisor of b and 8?
8
Let m be (-16775)/(-183)*6/5. What is the highest common factor of 210 and m?
10
Let d = -46 - -64. Suppose -c = -34 + d. Suppose -16*g + 320 = -12*g. Calculate the highest common divisor of c and g.
16
Let g be ((-306)/14 + 3/7)*(-399)/57. Calculate the highest common factor of 24 and g.
6
Let d be ((-5 - -7) + 312)/(2/(-3)). Let r = -391 - d. Calculate the highest common factor of r and 64.
16
Let f = 91 + -42. Suppose -5*v + n = -4641, 4*v - 2086*n + 2091*n = 3794. What is the highest common divisor of v and f?
49
Let r = -5650 - -5852. What is the highest common divisor of r and 14?
2
Suppose 5*q + 534*w - 532*w = 418, -w - 169 = -2*q. Let g(j) = 23*j + 1. Let o be g(1). Calculate the highest common factor of o and q.
12
Suppose 0 = -10*i + 11*i - 11. Let m = i - 27. Let h be (-180)/(-22) - m/(-88). What is the highest common divisor of 24 and h?
8
Let z be 28/8 - 3 - 11226/(-12). Calculate the highest common divisor of 30 and z.
6
Let w(s) = -5*s - 5. Let k be w(-5). Suppose k = 3*x + 2*x. Suppose 786*g = -187*g + 66164. Calculate the highest common divisor of x and g.
4
Let k be 22*-1*((-161)/14 + 10). Let v(s) = 24*s**2 + 5*s - 1. Let f be v(-4). What is the greatest common factor of f and k?
33
Suppose 924 = b + l - 6*l, 20 = 5*l. Calculate the highest common factor of 160 and b.
16
Let s(i) = -37*i**3 + 2*i**2 - 26*i - 55. Let t be s(-2). What is the highest common factor of 43 and t?
43
Let x be -4141*(-11 - -10)/1. What is the highest common factor of x and 82?
41
Let j = -1666 - -1886. Calculate the greatest common factor of j and 15.
5
Suppose 6 = -r, 4*t + 242*r = 241*r + 285066. Calculate the greatest common factor of t and 12.
12
Suppose 2*k - 68 = 3*g + 66, 0 = -3*k - g + 190. Let n be (k/(-12))/((-4)/6). Let o = -22 + 54. What is the highest common factor of n and o?
8
Let d be (-13650)/780*(-2 + (-36)/(-21)). Calculate the highest common divisor of 3665 and d.
5
Let b be 3/((-9)/(-30)) - 207/23. Calculate the greatest common divisor of b and 1217.
1
Let b be 242 - 1 - (-15 + 19). Suppose 40*p - b = 37*p. Let q = -70 + p. What is the greatest common factor of 63 and q?
9
Let g(m) = -m**3 + 7*m**2 + 9*m - 34. Let d be g(6). Suppose -2*i + d = -40. What is the greatest common factor of 16 and i?
16
Let y(x) = x**2 - 2*x + 6. Let t be y(0). Suppose -28 = -v + 4*d, -4*v - t*d = -d - 7. Calculate the greatest common divisor of v and 76.
4
Suppose -2*c = p + 4, -2*p + p - 32 = -5*c. Let m be (p/(-9))/(40/990). Calculate the greatest common factor of m and 22.
11
Let v = -166 + 403. Suppose -351 = -12*g + v. Calculate the highest common factor of 14 and g.
7
Let v(o) = o - 13. Let b be v(10). Let c be (-2)/(b/30*2). Let i be -15 + 5 - -1 - -34. What is the greatest common factor of i and c?
5
Suppose -595425 = -309*s + 3409336 - 721945. Calculate the greatest common factor of s and 166.
166
Let y(t) = 9*t + 24. Let a be y(7). Let q = a - 85. Let i be ((-1)/q)/((-21)/210). Calculate the highest common divisor of 25 and i.
5
Let v be (-4 + -2 + 824)/(4/2). Let f = -395 + v. Suppose -5*h = 3*i - 4, -3*i + i = -5*h + 14. Calculate the highest common factor of h and f.
2
Suppose 0 = 3*q - 3, 0 = 3*v + 3*q - 4*q - 251. Calculate the highest common divisor of v and 112.
28
Let f be (-12)/15 + 8/10. Suppose f = 3*h - 0*h - 2*s - 400, s = 4*h - 530. Calculate the highest common factor of h and 33.
33
Let c(w) be the first derivative of -5*w**2 + 25*w + 62. Let g be c(-3). Calculate the highest common divisor of g and 5.
5
Let z = -1787 - -2060. Calculate the greatest common divisor of 588 and z.
21
Suppose 4*w - 370 = 5*n, 11*n = -w + 7*n + 103. Let p be (-15)/5*(-10)/6. What is the greatest common divisor of p and w?
5
Let q(x) = -x**2 + 20*x + 2. Let m be q(20). Suppose 295 = 3*h - m*h. Suppose h = 7*l + 57. Calculate the greatest common divisor of l and 238.
34
Let u be ((-2)/(-4))/((-3)/(-12)). Let w = -46110 - -46129. What is the highest common factor of w and u?
1
Let j(a) = 8*a**2 - 109*a - 12. Let k be j(19). What is the greatest common factor of k and 21?
7
Let h(r) = r**2 + 34*r - 403. Let w be h(18). What is the highest common factor of 143 and w?
13
Suppose -23*a + 38*a - 23*a = -56. What is the greatest common factor of 1106 and a?
7
Let n(d) = -2*d**3 + d. Let t(v) = 10*v**3 + 2*v**2 - 6*v + 5. Let c(o) = -6*n(o) - t(o). Let j be c(2). What is the highest common divisor of 12 and j?
3
Suppose 4*v + 255 = 267, -v = -k + 20. What is the greatest common divisor of k and 23?
23
Suppose 123 = 4*c + 10*d - 7*d, 483 = 14*c + 3*d. Calculate the highest common factor of c and 684.
36
Let f be (369/18)/(-41)*-4692. What is the highest common factor of f and 306?
102
Let j be 12/(-42) + (-186)/(-14). Suppose 3*g - j = 2*g - 4*x, 0 = -5*x + 5. Suppose -g*d = 343 - 2638. Calculate the highest common divisor of d and 102.
51
Suppose -72790*b = -72813*b + 4002. Let u be 3/(-18) - 4179/(-18). Calculate 